{"id":15,"date":"2025-03-09T20:11:12","date_gmt":"2025-03-09T19:11:12","guid":{"rendered":"https:\/\/tus-bielsko.pl\/?page_id=15"},"modified":"2025-10-14T13:50:31","modified_gmt":"2025-10-14T12:50:31","slug":"main","status":"publish","type":"page","link":"https:\/\/tus-bielsko.pl\/","title":{"rendered":""},"content":{"rendered":"\n<div class=\"wp-block-group alignfull has-accent-4-background-color has-background has-global-padding is-layout-constrained wp-container-core-group-is-layout-669513ed wp-block-group-is-layout-constrained\" style=\"margin-top:0;margin-bottom:0;padding-top:var(--wp--preset--spacing--50);padding-right:var(--wp--preset--spacing--50);padding-bottom:var(--wp--preset--spacing--50);padding-left:var(--wp--preset--spacing--50)\">\n<div class=\"wp-block-columns alignwide is-layout-flex wp-container-core-columns-is-layout-1da03c2a wp-block-columns-is-layout-flex\">\n<div class=\"wp-block-column is-vertically-aligned-stretch is-layout-flow wp-block-column-is-layout-flow\" style=\"flex-basis:50%\">\n<div class=\"wp-block-group is-vertical is-content-justification-stretch is-layout-flex wp-container-core-group-is-layout-444d5ee8 wp-block-group-is-layout-flex\" style=\"min-height:100%\">\n<p class=\"has-heading-font-family has-x-large-font-size\" style=\"line-height:1.2\">Witamy w Centrum Rozwoju&nbsp;<strong>Tu Razem<\/strong>&nbsp;\ud83c\udf3f<\/p>\n\n\n\n<p>To miejsce, w kt\u00f3rym&nbsp;<strong>dziecko i rodzic<\/strong>&nbsp;rozwijaj\u0105 si\u0119&nbsp;<strong>razem<\/strong>&nbsp;\u2013 w atmosferze zrozumienia, blisko\u015bci i rado\u015bci.<br>Wspieramy rozw\u00f3j emocjonalny, spo\u0142eczny i poznawczy dzieci oraz pomagamy rodzicom odkrywa\u0107 nowe sposoby budowania relacji pe\u0142nych zaufania i spokoju.<br>Poprzez warsztaty, konsultacje i wsp\u00f3lne dzia\u0142ania tworzymy przestrze\u0144, w kt\u00f3rej ka\u017cdy mo\u017ce&nbsp;<strong>poczu\u0107 si\u0119 wa\u017cny i zauwa\u017cony<\/strong>.<\/p>\n\n\n\n<p class=\"has-heading-font-family has-x-large-font-size\" style=\"line-height:1.2\">Zapraszamy \u2013&nbsp;<strong>Tu ro\u015bniemy Razem!<\/strong><\/p>\n\n\n\n<div class=\"wp-block-group has-global-padding is-content-justification-left is-layout-constrained wp-container-core-group-is-layout-9fe8ed88 wp-block-group-is-layout-constrained\">\n<p class=\"wp-container-content-0733e5d0\">Odwied\u017a nas na Facebooku!<\/p>\n\n\n\n<div class=\"wp-block-buttons is-layout-flex wp-block-buttons-is-layout-flex\">\n<div class=\"wp-block-button\"><a class=\"wp-block-button__link wp-element-button\">O nas<\/a><\/div>\n<\/div>\n<\/div>\n<\/div>\n<\/div>\n\n\n\n<div class=\"wp-block-column is-vertically-aligned-center is-layout-flow wp-block-column-is-layout-flow\" style=\"flex-basis:50%\">\n<figure class=\"wp-block-gallery alignleft has-nested-images columns-default is-cropped wp-block-gallery-2 is-layout-flex wp-block-gallery-is-layout-flex\">\n<figure class=\"wp-block-image size-full is-style-rounded is-style-rounded--1\"><img loading=\"lazy\" decoding=\"async\" width=\"512\" height=\"512\" data-id=\"23\" src=\"http:\/\/tus-bielsko.pl\/wp-content\/uploads\/2025\/03\/cropped-Pink-Circle-Modern-Hands-Nails-Studio-Logo-Video-3.png\" alt=\"\" class=\"wp-image-23\" style=\"aspect-ratio:3\/4;object-fit:cover\" srcset=\"https:\/\/tus-bielsko.pl\/wp-content\/uploads\/2025\/03\/cropped-Pink-Circle-Modern-Hands-Nails-Studio-Logo-Video-3.png 512w, https:\/\/tus-bielsko.pl\/wp-content\/uploads\/2025\/03\/cropped-Pink-Circle-Modern-Hands-Nails-Studio-Logo-Video-3-300x300.png 300w, https:\/\/tus-bielsko.pl\/wp-content\/uploads\/2025\/03\/cropped-Pink-Circle-Modern-Hands-Nails-Studio-Logo-Video-3-150x150.png 150w, https:\/\/tus-bielsko.pl\/wp-content\/uploads\/2025\/03\/cropped-Pink-Circle-Modern-Hands-Nails-Studio-Logo-Video-3-270x270.png 270w, https:\/\/tus-bielsko.pl\/wp-content\/uploads\/2025\/03\/cropped-Pink-Circle-Modern-Hands-Nails-Studio-Logo-Video-3-192x192.png 192w, https:\/\/tus-bielsko.pl\/wp-content\/uploads\/2025\/03\/cropped-Pink-Circle-Modern-Hands-Nails-Studio-Logo-Video-3-180x180.png 180w, https:\/\/tus-bielsko.pl\/wp-content\/uploads\/2025\/03\/cropped-Pink-Circle-Modern-Hands-Nails-Studio-Logo-Video-3-32x32.png 32w\" sizes=\"auto, (max-width: 512px) 100vw, 512px\" \/><\/figure>\n<\/figure>\n<\/div>\n<\/div>\n<\/div>\n\n\n\n<div class=\"wp-block-group alignfull has-base-background-color has-background has-global-padding is-layout-constrained wp-container-core-group-is-layout-d89aad35 wp-block-group-is-layout-constrained\" style=\"margin-top:0;margin-bottom:0;padding-top:var(--wp--preset--spacing--50);padding-right:var(--wp--preset--spacing--50);padding-bottom:var(--wp--preset--spacing--50);padding-left:var(--wp--preset--spacing--50)\">\n<div class=\"wp-block-columns alignwide is-layout-flex wp-container-core-columns-is-layout-549b0c86 wp-block-columns-is-layout-flex\">\n<div class=\"wp-block-column has-global-padding is-layout-constrained wp-container-core-column-is-layout-639b5052 wp-block-column-is-layout-constrained\" style=\"padding-top:0;padding-right:0;padding-bottom:0;padding-left:0;flex-basis:40%\">\n<figure class=\"wp-block-image size-large\"><img loading=\"lazy\" decoding=\"async\" width=\"768\" height=\"1024\" src=\"https:\/\/tus-bielsko.pl\/wp-content\/uploads\/2025\/10\/IMG_6328-1-768x1024.jpg\" alt=\"\" class=\"wp-image-42\" srcset=\"https:\/\/tus-bielsko.pl\/wp-content\/uploads\/2025\/10\/IMG_6328-1-768x1024.jpg 768w, https:\/\/tus-bielsko.pl\/wp-content\/uploads\/2025\/10\/IMG_6328-1-225x300.jpg 225w, https:\/\/tus-bielsko.pl\/wp-content\/uploads\/2025\/10\/IMG_6328-1-1152x1536.jpg 1152w, https:\/\/tus-bielsko.pl\/wp-content\/uploads\/2025\/10\/IMG_6328-1.jpg 1536w\" sizes=\"auto, (max-width: 768px) 100vw, 768px\" \/><\/figure>\n<\/div>\n\n\n\n<div class=\"wp-block-column is-layout-flow wp-container-core-column-is-layout-119bc444 wp-block-column-is-layout-flow\" style=\"flex-basis:60%\">\n<p class=\"has-x-large-font-size\" style=\"border-radius:78px\">Trwaj\u0105 zapisy na zaj\u0119cia TUS!&nbsp;<\/p>\n\n\n\n<div class=\"wp-block-columns is-layout-flex wp-container-core-columns-is-layout-87beb0d0 wp-block-columns-is-layout-flex\">\n<div class=\"wp-block-column is-layout-flow wp-block-column-is-layout-flow\">\n<p class=\"wp-container-content-9cfa9a5a\">Zapraszamy dzieci i m\u0142odzie\u017c na&nbsp;<strong>Trening Umiej\u0119tno\u015bci Spo\u0142ecznych (TUS)<\/strong>&nbsp;w Centrum Rozwoju&nbsp;<strong>Tu razem<\/strong>!<br>To cykl spotka\u0144, podczas kt\u00f3rych uczymy si\u0119, jak lepiej rozumie\u0107 siebie i innych, wsp\u00f3\u0142pracowa\u0107, radzi\u0107 sobie z emocjami oraz budowa\u0107 relacje pe\u0142ne szacunku i empatii.<\/p>\n\n\n\n<p><\/p>\n\n\n\n<p class=\"wp-container-content-9cfa9a5a\">\ud83d\udc49&nbsp;<strong>Tu razem \u2013 uczymy si\u0119 by\u0107 z innymi i dla innych.<\/strong><\/p>\n<\/div>\n\n\n\n<div class=\"wp-block-column is-layout-flow wp-block-column-is-layout-flow\">\n<p>Zaj\u0119cia prowadzone s\u0105 w&nbsp;<strong>ma\u0142ych grupach<\/strong>, w atmosferze bezpiecze\u0144stwa i akceptacji.<br>TUS to nie tylko nauka \u2013 to tak\u017ce&nbsp;<strong>zabawa, wsp\u00f3\u0142praca i rozw\u00f3j<\/strong>&nbsp;w gronie r\u00f3wie\u015bnik\u00f3w.<\/p>\n\n\n\n<p>\ud83d\udcc5&nbsp;<strong>Zapisy ju\u017c trwaj\u0105!<\/strong><br>\ud83d\udcde Skontaktuj si\u0119 z nami, aby dowiedzie\u0107 si\u0119 wi\u0119cej i zarezerwowa\u0107 miejsce.<\/p>\n<\/div>\n<\/div>\n<\/div>\n<\/div>\n<\/div>\n\n\n\n<div class=\"wp-block-group alignfull has-global-padding is-layout-constrained wp-container-core-group-is-layout-d89aad35 wp-block-group-is-layout-constrained\" style=\"margin-top:0;margin-bottom:0;padding-top:var(--wp--preset--spacing--50);padding-right:var(--wp--preset--spacing--50);padding-bottom:var(--wp--preset--spacing--50);padding-left:var(--wp--preset--spacing--50)\">\n<div class=\"wp-block-group alignwide has-accent-4-background-color has-background is-layout-flow wp-block-group-is-layout-flow\" style=\"border-radius:16px;padding-top:var(--wp--preset--spacing--50);padding-right:var(--wp--preset--spacing--50);padding-bottom:var(--wp--preset--spacing--50);padding-left:var(--wp--preset--spacing--50)\">\n<p class=\"has-text-align-center\">Harmonogram zaj\u0119\u0107 TUS<\/p>\n\n\n\n<p>\ud83e\uddf8&nbsp;<strong>Sobota<\/strong><br>\u2022 9:00 \u2013 grupa 3\u20135 lat<br>\u2022 10:00 \u2013 grupa 6\u20139 lat<\/p>\n\n\n\n<p>\ud83d\udc69\u200d\ud83c\udf93&nbsp;<strong>\u015aroda<\/strong><br>\u2022 17:00 \u2013 grupa 8\u201312 lat<br>\u2022 18:00 \u2013 grupa 8\u201313 lat<\/p>\n\n\n\n<p>\ud83c\udfb2&nbsp;<strong>Czwartek<\/strong><br>\u2022 17:00 \u2013 grupa 7\u201310 lat<br>\u2022 18:00 \u2013 grupa 11\u201314 lat<\/p>\n\n\n\n<p>Zapraszamy do kontaktu i zapis\u00f3w!<br>\ud83d\udcde Dowiedz si\u0119 wi\u0119cej o grupach i dopasuj zaj\u0119cia do swojego dziecka.<\/p>\n\n\n\n<div style=\"height:var(--wp--preset--spacing--10)\" aria-hidden=\"true\" class=\"wp-block-spacer\"><\/div>\n\n\n\n<div class=\"wp-block-group alignwide is-content-justification-center is-layout-flex wp-container-core-group-is-layout-f95ffa09 wp-block-group-is-layout-flex\" style=\"padding-top:0;padding-right:0;padding-bottom:0;padding-left:0\">\n<figure class=\"wp-block-image size-large\"><img loading=\"lazy\" decoding=\"async\" width=\"1024\" height=\"538\" src=\"http:\/\/tus-bielsko.pl\/wp-content\/uploads\/2025\/10\/TUS-2-1024x538.png\" alt=\"\" class=\"wp-image-37\" srcset=\"https:\/\/tus-bielsko.pl\/wp-content\/uploads\/2025\/10\/TUS-2-1024x538.png 1024w, https:\/\/tus-bielsko.pl\/wp-content\/uploads\/2025\/10\/TUS-2-300x158.png 300w, https:\/\/tus-bielsko.pl\/wp-content\/uploads\/2025\/10\/TUS-2-768x403.png 768w, https:\/\/tus-bielsko.pl\/wp-content\/uploads\/2025\/10\/TUS-2.png 1200w\" sizes=\"auto, (max-width: 1024px) 100vw, 1024px\" \/><\/figure>\n<\/div>\n<\/div>\n<\/div>\n\n\n\n<div class=\"wp-block-group alignfull has-global-padding is-layout-constrained wp-container-core-group-is-layout-d89aad35 wp-block-group-is-layout-constrained\" style=\"margin-top:0;margin-bottom:0;padding-top:var(--wp--preset--spacing--50);padding-right:var(--wp--preset--spacing--50);padding-bottom:var(--wp--preset--spacing--50);padding-left:var(--wp--preset--spacing--50)\">\n<div class=\"wp-block-columns alignwide are-vertically-aligned-center is-layout-flex wp-container-core-columns-is-layout-47c06fe3 wp-block-columns-is-layout-flex\">\n<div class=\"wp-block-column is-vertically-aligned-center is-layout-flow wp-block-column-is-layout-flow\" style=\"flex-basis:50%\">\n<h2 class=\"wp-block-heading\">Skontaktuj si\u0119 z nami!<\/h2>\n\n\n\n<ul style=\"line-height:1.75\" class=\"wp-block-list is-style-checkmark-list\"><\/ul>\n\n\n\n<div class=\"wp-block-buttons is-layout-flex wp-block-buttons-is-layout-flex\"><\/div>\n<\/div>\n\n\n\n<div class=\"wp-block-column is-vertically-aligned-center is-layout-flow wp-block-column-is-layout-flow\" style=\"flex-basis:50%\">\n<figure class=\"wp-block-image size-full is-style-rounded is-style-rounded--3\"><img loading=\"lazy\" decoding=\"async\" width=\"2000\" height=\"1520\" src=\"https:\/\/tus-bielsko.pl\/wp-content\/uploads\/2025\/10\/Kopia-\u2013-50cmx38cm-nad-drzwi-od-podworka-2-1.png\" alt=\"\" class=\"wp-image-50\" style=\"aspect-ratio:4\/3;object-fit:cover\" srcset=\"https:\/\/tus-bielsko.pl\/wp-content\/uploads\/2025\/10\/Kopia-\u2013-50cmx38cm-nad-drzwi-od-podworka-2-1.png 2000w, https:\/\/tus-bielsko.pl\/wp-content\/uploads\/2025\/10\/Kopia-\u2013-50cmx38cm-nad-drzwi-od-podworka-2-1-300x228.png 300w, https:\/\/tus-bielsko.pl\/wp-content\/uploads\/2025\/10\/Kopia-\u2013-50cmx38cm-nad-drzwi-od-podworka-2-1-1024x778.png 1024w, https:\/\/tus-bielsko.pl\/wp-content\/uploads\/2025\/10\/Kopia-\u2013-50cmx38cm-nad-drzwi-od-podworka-2-1-768x584.png 768w, https:\/\/tus-bielsko.pl\/wp-content\/uploads\/2025\/10\/Kopia-\u2013-50cmx38cm-nad-drzwi-od-podworka-2-1-1536x1167.png 1536w\" sizes=\"auto, (max-width: 2000px) 100vw, 2000px\" \/><\/figure>\n<\/div>\n<\/div>\n<\/div>\n\n\n\n<p><\/p>\n","protected":false},"excerpt":{"rendered":"<p>Witamy w Centrum Rozwoju&nbsp;Tu Razem&nbsp;\ud83c\udf3f To miejsce, w kt\u00f3rym&nbsp;dziecko i rodzic&nbsp;rozwijaj\u0105 si\u0119&nbsp;razem&nbsp;\u2013 w atmosferze zrozumienia, blisko\u015bci i rado\u015bci.Wspieramy rozw\u00f3j emocjonalny, spo\u0142eczny i poznawczy dzieci oraz pomagamy rodzicom odkrywa\u0107 nowe sposoby budowania relacji pe\u0142nych zaufania i spokoju.Poprzez warsztaty, konsultacje i wsp\u00f3lne dzia\u0142ania tworzymy przestrze\u0144, w kt\u00f3rej ka\u017cdy mo\u017ce&nbsp;poczu\u0107 si\u0119 wa\u017cny i zauwa\u017cony. Zapraszamy \u2013&nbsp;Tu ro\u015bniemy Razem! [&hellip;]<\/p>\n","protected":false},"author":1,"featured_media":0,"parent":0,"menu_order":0,"comment_status":"closed","ping_status":"closed","template":"","meta":{"footnotes":""},"class_list":["post-15","page","type-page","status-publish","hentry"],"_links":{"self":[{"href":"https:\/\/tus-bielsko.pl\/index.php\/wp-json\/wp\/v2\/pages\/15","targetHints":{"allow":["GET"]}}],"collection":[{"href":"https:\/\/tus-bielsko.pl\/index.php\/wp-json\/wp\/v2\/pages"}],"about":[{"href":"https:\/\/tus-bielsko.pl\/index.php\/wp-json\/wp\/v2\/types\/page"}],"author":[{"embeddable":true,"href":"https:\/\/tus-bielsko.pl\/index.php\/wp-json\/wp\/v2\/users\/1"}],"replies":[{"embeddable":true,"href":"https:\/\/tus-bielsko.pl\/index.php\/wp-json\/wp\/v2\/comments?post=15"}],"version-history":[{"count":17,"href":"https:\/\/tus-bielsko.pl\/index.php\/wp-json\/wp\/v2\/pages\/15\/revisions"}],"predecessor-version":[{"id":61,"href":"https:\/\/tus-bielsko.pl\/index.php\/wp-json\/wp\/v2\/pages\/15\/revisions\/61"}],"wp:attachment":[{"href":"https:\/\/tus-bielsko.pl\/index.php\/wp-json\/wp\/v2\/media?parent=15"}],"curies":[{"name":"wp","href":"https:\/\/api.w.org\/{rel}","templated":true}]}}